 l(-91).
-6
Let w(r) = r**3 + 192*r**2 + 370*r - 1917. Give w(-190).
-17
Let x(p) = -p**3 + 12*p**2 - 2*p - 38. Determine x(11).
61
Let w(g) = -238*g - 1257. Give w(-5).
-67
Let f(d) = -2*d**3 + 179*d**2 - 82*d - 427. Determine f(89).
196
Let f(a) = -a**2 + 19*a + 81. Calculate f(25).
-69
Let c(f) = -f**3 + 58*f**2 + 183*f + 38. Determine c(61).
38
Let a(t) = -t**2 + 584*t - 2333. Calculate a(4).
-13
Let v(a) = a**2 - 10*a - 3. Give v(14).
53
Let c(p) = -5*p**2 - 6*p - 7. What is c(-8)?
-279
Let a(x) = x**3 - 30*x**2 - 22*x - 284. Calculate a(31).
-5
Let r(i) = 2*i**3 + 432*i**2 + 7*i + 1498. Calculate r(-216).
-14
Let r(z) = z**3 - 5*z**2 - 8*z - 36. Calculate r(9).
216
Let o(w) = 6*w - 80. Give o(-6).
-116
Let v(d) = 2*d**3 + 13*d**2 + 1540*d + 9195. What is v(-6)?
-9
Let n(y) = -y**3 - 2*y**2 + 10*y - 19. Calculate n(4).
-75
Let y(o) = -o**3 + 13*o - 1. Determine y(-3).
-13
Let t(j) = 1270*j + 15245. Calculate t(-12).
5
Let z(k) = -9*k**2 + 28*k + 55. Give z(-2).
-37
Let n(o) = -3*o**2 - 32*o + 279. What is n(6)?
-21
Let p(l) = 5*l - 46. Calculate p(7).
-11
Let q(x) = -797*x + 812. Calculate q(1).
15
Let f(p) = 4*p**2 - 17*p + 19. Give f(3).
4
Let u(c) = 6*c**2 + 148*c + 661. What is u(-19)?
15
Let j(c) = -14*c**2 + 3*c - 17. Give j(3).
-134
Let s(m) = 1116*m - 2253. Calculate s(2).
-21
Let j(c) = 23*c**2 + 21*c + 18. Calculate j(-1).
20
Let u(z) = -3789*z**2 - 15159*z - 10. Give u(-4).
2
Let w(c) = 10*c**2 + 499*c - 1105. Give w(-52).
-13
Let i(o) = -360*o + 1796. Determine i(5).
-4
Let f(h) = 3*h**3 + 44*h**2 + 7*h + 5. What is f(-14)?
299
Let o(y) = 43*y + 525. Give o(-12).
9
Let n(w) = -2*w**2 - 80*w + 766. Determine n(8).
-2
Let p(y) = -185*y + 16. What is p(-2)?
386
Let p(c) = 3*c**2 - 34*c + 121. Determine p(4).
33
Let j(r) = -117*r + 1866. Calculate j(16).
-6
Let s(o) = 2*o**3 + 15*o**2 - 18*o - 90. Give s(-8).
-10
Let i(s) = s**2 - 19*s - 288. Give i(-9).
-36
Let p(o) = -57*o - 8. Determine p(0).
-8
Let d(w) = 6*w**2 + 139*w - 1263. Calculate d(-30).
-33
Let r(v) = v**3 - 71*v**2 + 66*v + 262. Determine r(70).
-18
Let r(o) = 24*o**2 - 43*o + 22. Determine r(1).
3
Let d(t) = 2*t**3 - 20*t**2 - 19*t + 60. What is d(11)?
93
Let q(n) = -10*n + 428. Determine q(44).
-12
Let s(r) = -r**3 - 15*r**2 - 34*r - 277. Determine s(-14).
3
Let y(p) = 72*p + 264. Determine y(-4).
-24
Let z(m) = -17*m**2 + 372*m - 69. Calculate z(22).
-113
Let t(c) = -4*c**2 + 26*c + 58. Calculate t(-12).
-830
Let z(a) = -5*a**2 + 27*a - 24. Determine z(4).
4
Let z(v) = 135*v - 758. Calculate z(6).
52
Let a(s) = 179*s + 24. What is a(-1)?
-155
Let b(g) = -g**3 + 15*g**2 + 7*g - 13. Calculate b(13).
416
Let r(v) = -v - 97. What is r(46)?
-143
Let l(a) = a**3 - 158*a**2 + 453*a + 1852. Give l(155).
-8
Let f(n) = n**3 + 39*n**2 - 71*n + 101. What is f(-41)?
-350
Let f(g) = 3*g**3 - 31*g**2 + 8*g + 5. Give f(10).
-15
Let o(i) = -2*i**2 + 49*i + 61. Determine o(26).
-17
Let g(i) = i**2 - 661*i - 25826. Give g(-37).
0
Let l(o) = o**2 + 43*o - 361. What is l(-43)?
-361
Let m(z) = 13*z**3 - 43*z**2 - 102*z - 31. Calculate m(5).
9
Let x(c) = -c**3 - 10*c**2 - 7*c - 41. What is x(-8)?
-113
Let v(d) = -5*d**3 + 810*d**2 + 11*d - 1792. Give v(162).
-10
Let i(f) = f**3 - 8*f**2 - 50*f + 404. Calculate i(8).
4
Let c(o) = 359*o - 815. What is c(3)?
262
Let t(m) = -2*m**3 - 119*m**2 - 60*m - 54. Calculate t(-59).
5
Let v(z) = 210*z + 23508. What is v(-112)?
-12
Let i(a) = a**3 - 21*a**2 + 21*a + 75. Give i(8).
-589
Let o(v) = 232*v - 1876. Determine o(8).
-20
Let k(a) = a**3 - 11*a**2 - 2*a - 1246. Give k(16).
2
Let p(s) = -52*s + 278. Determine p(5).
18
Let x(s) = -5*s - 39. What is x(15)?
-114
Let m(v) = -3*v**2 + 156*v - 709. Calculate m(5).
-4
Let k(x) = 130*x + 634. Give k(-6).
-146
Let r(z) = 2*z**3 - 11*z**2 - 19*z - 5. What is r(7)?
9
Let h(l) = -l**3 + 9*l**2 + 2*l - 284. Determine h(0).
-284
Let r(a) = -601*a - 30059. What is r(-50)?
-9
Let r(i) = i**3 - 38*i**2 - 90*i - 1352. Calculate r(41).
1
Let x(m) = -2*m**3 + 53*m**2 - 162*m + 17. Calculate x(23).
-6
Let g(n) = -n**2 + 161*n + 482. Give g(164).
-10
Let i(u) = 15*u**2 - 72*u - 97. Give i(6).
11
Let i(w) = -10*w**3 + 4*w**2 + 12*w + 2. Determine i(-2).
74
Let u(b) = -66*b - 125. Calculate u(-6).
271
Let l(m) = 2*m**2 + 93*m + 321. Give l(-45).
186
Let n(p) = -100*p**2 + 685*p + 18. Determine n(7).
-87
Let b(f) = 1246*f + 13776. Determine b(-11).
70
Let d(s) = 8*s + 64. Calculate d(5).
104
Let w(h) = -h + 51. Give w(8).
43
Let s(f) = 2*f**2 - 45*f + 452. What is s(16)?
244
Let k(w) = -638*w + 1915. Determine k(3).
1
Let x(c) = -61*c - 856. Give x(-17).
181
Let p(q) = -q**2 - 58*q - 586. Determine p(-45).
-1
Let t(u) = -2*u**3 + 39*u**2 + 124*u + 15. What is t(-3)?
48
Let v(n) = 3*n**2 - 11*n - 16. Determine v(-6).
158
Let q(k) = -291*k - 1474. What is q(-5)?
-19
Let q(m) = m**3 + 37*m**2 - 311*m - 51. Determine q(-44).
81
Let u(z) = -5*z**2 - 605*z - 2898. Calculate u(-116).
2
Let a(t) = 17*t + 630. What is a(-36)?
18
Let m(o) = -435*o + 1740. Give m(4).
0
Let u(n) = -5*n**3 + 174*n**2 + 33*n + 63. Calculate u(35).
-7
Let h(w) = 2*w**2 + 119*w + 600. Calculate h(-56).
208
Let m(q) = -q**2 + 9*q + 296. Determine m(-12).
44
Let d(g) = g**3 - 18*g**2 + 32*g + 271. What is d(15)?
76
Let g(x) = -6*x**2 - 20*x + 23. Calculate g(-4).
7
Let y(c) = -c**2 + 9*c + 581. What is y(-20)?
1
Let c(j) = 4*j**2 + 378*j + 377. What is c(-1)?
3
Let h(a) = -a**2 - a - 21. What is h(11)?
-153
Let p(k) = k**2 + 653*k + 3254. Give p(-5).
14
Let s(x) = 4*x**3 + 3*x**2 - 85*x - 317. Calculate s(-4).
-185
Let s(u) = u**3 - 31. Give s(0).
-31
Let u(y) = 3*y - 286. Determine u(12).
-250
Let t(y) = 19601*y - 39200. Determine t(2).
2
Let s(g) = 53*g - 5271. Determine s(99).
-24
Let w(q) = q**2 + 119*q + 1045. What is w(-9)?
55
Let a(v) = -3*v**3 - 4*v**2 - 16*v - 22. Give a(-4).
170
Let d(z) = 119*z + 1042. What is d(-13)?
-505
Let k(a) = -a**3 - 7*a**2 + 15*a + 104. Determine k(-11).
423
Let h(o) = 5*o**3 - 69*o**2 - 10*o - 32. What is h(14)?
24
Let u(r) = 3693*r - 14. Give u(0).
-14
Let p(y) = -186*y - 4655. Give p(-25).
-5
Let u(o) = -91*o - 592. What is u(-8)?
136
Let m(s) = 10*s**2 + 68*s - 4. Calculate m(-7).
10
Let b(z) = -269*z - 1295. What is b(-5)?
50
Let x(p) = -p**3 - 53*p**2 - 8*p - 429. Determine x(-53).
-5
Let i(l) = 8*l**3 + 6*l**2 - l - 40. Calculate i(-4).
-452
Let g(i) = i**2 - i - 105. Give g(-10).
5
Let x(h) = 6*h**3 + 34*h**2 - 2*h + 21. Determine x(-6).
-39
Let p(o) = -2*o**2 + 463*o + 1689. Determine p(235).
44
Let o(d) = 6*d**3 - d**2 - 61*d + 63. Determine o(1).
7
Let r(w) = w**3 + 10*w**2 - 31*w + 71. Give r(-13).
-33
Let n(x) = 3*x**2 - 398*x + 789. Give n(2).
5
Let v(x) = 69*x - 3360. Give v(48).
-48
Let l(p) = p**3 + 9*p**2 + 21*p + 82. Give l(-7).
33
Let c(h) = 4*h - 73. Give c(22).
15
Let l(x) = 20*x**2 - x + 391. Give l(0).
391
Let l(q) = q**3 - 11*q**2 - 19*q + 84. Determine l(12).
0
Let z(s) = 46*s - 1544. Give z(34).
20
Let n(v) = v**2 + 116*v - 749. Calculate n(-122).
-17
Let z(b) = 40*b**2 - 83*b + 7. Give z(2).
1
Let x(w) = 2*w**2 + 7*w + 42. Determine x(-11).
207
Let g(a) = -a**3 + 84*a**2 - 1090*a + 133. Determine g(68).
-3
Let g(t) = 3*t - 22. Give g(8).
2
Let j(s) = 38*s - 1206. What is j(32)?
10
Let b(z) = -3*z**2 - 155*z - 102. Determine b(-51).
0
Let o(i) = -3*i**2 + 80*i - 139. Give o(24).
53
Let h(q) = 2*q**2 + 20*q + 4. Calculate h(-9).
-14
Let l(q) = 15*q + 167. Give l(-11).
2
Let d(l) = -25*l - 81. Calculate d(15).
-456
Let j(f) = -f**3 - 82*f**2 - 231*f + 10. Determine j(-3).
-8
Let t(d) = 9*d**2 + 204*d - 81. Determine t(-23).
-12
Let b(g) = 16*g - 180. Calculate b(12).
12
Let u(c) = 2*c**2 + 147*c + 2732. Give u(-37).
31
Let u(o) = 590*o + 2977. Determine u(-5).
27
Let r(v) = 15*v - 44. Give r(24).
316
Let o(w) = 8*w**2 + 508*w - 1323. Calculate o(-66).
-3
Let p(a) = -a**3 - 12*a**2 + 12*a + 62. Determine p(-12).
-82
Let v(t) = -3*t**3 - 15*t**2 + 378*t - 10. What is v(-14)?
-10
Let z(k) = -2*k**2 - 42*k + 114. Give z(-21).
114
Let i(c) = -18*c - 1234. Calculate i(-59).
-172
Let i(p) = -12*p**2 + 52*p - 264. Give i(6).
-384
Let t(o) = -55*o - 1934. Calculate t(-36).
46
Let p(i) = 104*i - 2714. What is p(26)?
-10
Let k(t) = -6261*t**2 - 118959*t + 3. Determine k(-19).
3
Let y(r) = 2*r**3 - 